{"id":22,"date":"2025-12-17T12:41:52","date_gmt":"2025-12-17T12:41:52","guid":{"rendered":"https:\/\/wordpress-7ck5p.wasmer.app\/?page_id=22"},"modified":"2026-02-04T11:53:02","modified_gmt":"2026-02-04T11:53:02","slug":"umow-2","status":"publish","type":"page","link":"https:\/\/wordpress-7ck5p.wasmer.app\/index.php\/umow-2\/","title":{"rendered":"Um\u00f3w si\u0119 na konsultacj\u0119"},"content":{"rendered":"\t\t<div data-elementor-type=\"wp-post\" data-elementor-id=\"22\" class=\"elementor elementor-22\">\n\t\t\t\t<div class=\"elementor-element elementor-element-20e6d31 e-flex e-con-boxed e-con e-parent\" data-id=\"20e6d31\" data-element_type=\"container\">\n\t\t\t\t\t<div class=\"e-con-inner\">\n\t\t\t\t<div class=\"elementor-element elementor-element-6bf83a5 elementor-widget elementor-widget-heading\" data-id=\"6bf83a5\" data-element_type=\"widget\" data-widget_type=\"heading.default\">\n\t\t\t\t<div class=\"elementor-widget-container\">\n\t\t\t\t\t<h2 class=\"elementor-heading-title elementor-size-default\">Um\u00f3w si\u0119 na konsultacj\u0119 psychologiczn\u0105 online<\/h2>\t\t\t\t<\/div>\n\t\t\t\t<\/div>\n\t\t\t\t<div class=\"elementor-element elementor-element-8b090ee elementor-widget elementor-widget-html\" data-id=\"8b090ee\" data-element_type=\"widget\" data-widget_type=\"html.default\">\n\t\t\t\t<div class=\"elementor-widget-container\">\n\t\t\t\t\t<script type=\"text\/javascript\" async src=\"https:\/\/static.zcal.co\/embed\/v1\/embed.js\"><\/script>\n<div class=\"zcal-inline-widget\"><a href=\"https:\/\/zcal.co\/i\/pQAn0O1h\">Konsultacja psychologiczna - Schedule a meeting<\/a><\/div>\t\t\t\t<\/div>\n\t\t\t\t<\/div>\n\t\t\t\t\t<\/div>\n\t\t\t\t<\/div>\n\t\t<div class=\"elementor-element elementor-element-77889ad e-flex e-con-boxed e-con e-parent\" data-id=\"77889ad\" data-element_type=\"container\" id=\"xs_tab_9\" data-settings=\"{&quot;background_background&quot;:&quot;classic&quot;}\">\n\t\t\t\t\t<div class=\"e-con-inner\">\n\t\t\t\t<div class=\"elementor-element elementor-element-14b6689c elementor-widget elementor-widget-elementskit-heading\" data-id=\"14b6689c\" data-element_type=\"widget\" data-widget_type=\"elementskit-heading.default\">\n\t\t\t\t<div class=\"elementor-widget-container\">\n\t\t\t\t\t<div class=\"ekit-wid-con\" ><div class=\"ekit-heading elementskit-section-title-wraper text_center   ekit_heading_tablet-   ekit_heading_mobile-\"><h2 class=\"ekit-heading--title elementskit-section-title \">Konsultacje psychologiczne - informacje<\/h2><\/div><\/div>\t\t\t\t<\/div>\n\t\t\t\t<\/div>\n\t\t\t\t<div class=\"elementor-element elementor-element-1971ff4 elementor-widget elementor-widget-elementskit-simple-tab\" data-id=\"1971ff4\" data-element_type=\"widget\" data-widget_type=\"elementskit-simple-tab.default\">\n\t\t\t\t<div class=\"elementor-widget-container\">\n\t\t\t\t\t<div class=\"ekit-wid-con\" >        <div class=\"elementkit-tab-wraper   elementskit-fitcontent-tab \">\n            <ul class=\"nav nav-tabs elementkit-tab-nav  elementskit_tooltip_style elementskit_tooltip_style\">\n                                    <li class=\"elementkit-nav-item elementor-repeater-item-e7fb3c4\">\n                        <a class=\"elementkit-nav-link  active show left-pos\" id=\"content-e7fb3c469d0edb9e9baf-tab\" data-ekit-handler-id=\"czemu-s-u-\" data-ekit-toggle=\"tab\" data-target=\"#content-e7fb3c469d0edb9e9baf\" href=\"#Content-e7fb3c469d0edb9e9baf\"\n                            data-ekit-toggle-trigger=\"click\"\n                            aria-describedby=\"Content-e7fb3c469d0edb9e9baf\">\n                            <span class=\"fas fa-bookmark elementskit-tab-icon\"><\/span>                            <span class=\"elementskit-tab-title\"> Czemu s\u0142u\u017c\u0105?<\/span>\n                        <\/a>\n                    <\/li>\n                                        <li class=\"elementkit-nav-item elementor-repeater-item-9077dfd\">\n                        <a class=\"elementkit-nav-link  left-pos\" id=\"content-9077dfd69d0edb9e9baf-tab\" data-ekit-handler-id=\"jak-wygl-daj-spotkania-\" data-ekit-toggle=\"tab\" data-target=\"#content-9077dfd69d0edb9e9baf\" href=\"#Content-9077dfd69d0edb9e9baf\"\n                            data-ekit-toggle-trigger=\"click\"\n                            aria-describedby=\"Content-9077dfd69d0edb9e9baf\">\n                            <span class=\"icon icon-users2 elementskit-tab-icon\"><\/span>                            <span class=\"elementskit-tab-title\"> Jak wygl\u0105daj\u0105 spotkania?<\/span>\n                        <\/a>\n                    <\/li>\n                                        <li class=\"elementkit-nav-item elementor-repeater-item-00f52ae\">\n                        <a class=\"elementkit-nav-link  left-pos\" id=\"content-00f52ae69d0edb9e9baf-tab\" data-ekit-handler-id=\"czas-trwania\" data-ekit-toggle=\"tab\" data-target=\"#content-00f52ae69d0edb9e9baf\" href=\"#Content-00f52ae69d0edb9e9baf\"\n                            data-ekit-toggle-trigger=\"click\"\n                            aria-describedby=\"Content-00f52ae69d0edb9e9baf\">\n                            <span class=\"fas fa-clock elementskit-tab-icon\"><\/span>                            <span class=\"elementskit-tab-title\"> Czas trwania<\/span>\n                        <\/a>\n                    <\/li>\n                                        <li class=\"elementkit-nav-item elementor-repeater-item-7dad000\">\n                        <a class=\"elementkit-nav-link  left-pos\" id=\"content-7dad00069d0edb9e9baf-tab\" data-ekit-handler-id=\"koszt\" data-ekit-toggle=\"tab\" data-target=\"#content-7dad00069d0edb9e9baf\" href=\"#Content-7dad00069d0edb9e9baf\"\n                            data-ekit-toggle-trigger=\"click\"\n                            aria-describedby=\"Content-7dad00069d0edb9e9baf\">\n                            <span class=\"icon icon-save-money elementskit-tab-icon\"><\/span>                            <span class=\"elementskit-tab-title\"> Koszt<\/span>\n                        <\/a>\n                    <\/li>\n                                <\/ul>\n\n            <div class=\"tab-content elementkit-tab-content\">\n                                    <div class=\"tab-pane elementkit-tab-pane elementor-repeater-item-e7fb3c4  active show\" id=\"content-e7fb3c469d0edb9e9baf\" role=\"tabpanel\"\n                         aria-labelledby=\"content-e7fb3c469d0edb9e9baf-tab\">\n                        <div class=\"animated fadeIn\">\n                            <p>Konsultacje pomagaj\u0105 uporz\u0105dkowa\u0107 my\u015bli i emocje, lepiej zrozumie\u0107 swoj\u0105 sytuacj\u0119 oraz znale\u017a\u0107 mo\u017cliwe kierunki dalszych dzia\u0142a\u0144 lub metody radzenia sobie na przysz\u0142o\u015b\u0107. Mog\u0105 by\u0107 <strong>jednorazowe<\/strong> <strong>lub<\/strong> odbywa\u0107 si\u0119 <strong>cyklicznie<\/strong> &#8211; w zale\u017cno\u015bci od Twoich potrzeb i mo\u017cliwo\u015bci.<\/p>                        <\/div>\n                    <\/div>\n                                    <div class=\"tab-pane elementkit-tab-pane elementor-repeater-item-9077dfd \" id=\"content-9077dfd69d0edb9e9baf\" role=\"tabpanel\"\n                         aria-labelledby=\"content-9077dfd69d0edb9e9baf-tab\">\n                        <div class=\"animated fadeIn\">\n                            <p><span style=\"font-weight: 400;\">Spotkania odbywaj\u0105 si\u0119 w formie <strong>online<\/strong>. Na platformie <strong>Google Meets. <\/strong>Z wykorzystaniem kamery oraz mikrofonu. Sprawd\u017a ich stan przed spotkaniem.<\/span><\/p>                        <\/div>\n                    <\/div>\n                                    <div class=\"tab-pane elementkit-tab-pane elementor-repeater-item-00f52ae \" id=\"content-00f52ae69d0edb9e9baf\" role=\"tabpanel\"\n                         aria-labelledby=\"content-00f52ae69d0edb9e9baf-tab\">\n                        <div class=\"animated fadeIn\">\n                            <p><strong>50 minut<\/strong><b><br \/><\/b><\/p>                        <\/div>\n                    <\/div>\n                                    <div class=\"tab-pane elementkit-tab-pane elementor-repeater-item-7dad000 \" id=\"content-7dad00069d0edb9e9baf\" role=\"tabpanel\"\n                         aria-labelledby=\"content-7dad00069d0edb9e9baf-tab\">\n                        <div class=\"animated fadeIn\">\n                            <p><strong>160 z\u0142<\/strong><\/p>                        <\/div>\n                    <\/div>\n                                \n            <\/div>\n                    <\/div>\n    <\/div>\t\t\t\t<\/div>\n\t\t\t\t<\/div>\n\t\t\t\t\t<\/div>\n\t\t\t\t<\/div>\n\t\t\t\t<\/div>\n\t\t","protected":false},"excerpt":{"rendered":"<p>Um\u00f3w si\u0119 na konsultacj\u0119 psychologiczn\u0105 online Konsultacja psychologiczna &#8211; Schedule a meeting Konsultacje psychologiczne &#8211; informacje Czemu s\u0142u\u017c\u0105? Jak wygl\u0105daj\u0105 [&hellip;]<\/p>\n","protected":false},"author":1,"featured_media":0,"parent":0,"menu_order":0,"comment_status":"closed","ping_status":"closed","template":"","meta":{"site-sidebar-layout":"no-sidebar","site-content-layout":"","ast-site-content-layout":"full-width-container","site-content-style":"default","site-sidebar-style":"default","ast-global-header-display":"","ast-banner-title-visibility":"","ast-main-header-display":"","ast-hfb-above-header-display":"","ast-hfb-below-header-display":"","ast-hfb-mobile-header-display":"","site-post-title":"","ast-breadcrumbs-content":"","ast-featured-img":"disabled","footer-sml-layout":"","theme-transparent-header-meta":"","adv-header-id-meta":"","stick-header-meta":"","header-above-stick-meta":"","header-main-stick-meta":"","header-below-stick-meta":"","astra-migrate-meta-layouts":"default","ast-page-background-enabled":"default","ast-page-background-meta":{"desktop":{"background-color":"var(--ast-global-color-5)","background-image":"","background-repeat":"repeat","background-position":"center center","background-size":"auto","background-attachment":"scroll","background-type":"","background-media":"","overlay-type":"","overlay-color":"","overlay-opacity":"","overlay-gradient":""},"tablet":{"background-color":"","background-image":"","background-repeat":"repeat","background-position":"center center","background-size":"auto","background-attachment":"scroll","background-type":"","background-media":"","overlay-type":"","overlay-color":"","overlay-opacity":"","overlay-gradient":""},"mobile":{"background-color":"","background-image":"","background-repeat":"repeat","background-position":"center center","background-size":"auto","background-attachment":"scroll","background-type":"","background-media":"","overlay-type":"","overlay-color":"","overlay-opacity":"","overlay-gradient":""}},"ast-content-background-meta":{"desktop":{"background-color":"var(--ast-global-color-4)","background-image":"","background-repeat":"repeat","background-position":"center center","background-size":"auto","background-attachment":"scroll","background-type":"","background-media":"","overlay-type":"","overlay-color":"","overlay-opacity":"","overlay-gradient":""},"tablet":{"background-color":"var(--ast-global-color-4)","background-image":"","background-repeat":"repeat","background-position":"center center","background-size":"auto","background-attachment":"scroll","background-type":"","background-media":"","overlay-type":"","overlay-color":"","overlay-opacity":"","overlay-gradient":""},"mobile":{"background-color":"var(--ast-global-color-4)","background-image":"","background-repeat":"repeat","background-position":"center center","background-size":"auto","background-attachment":"scroll","background-type":"","background-media":"","overlay-type":"","overlay-color":"","overlay-opacity":"","overlay-gradient":""}},"footnotes":""},"class_list":["post-22","page","type-page","status-publish","hentry"],"_links":{"self":[{"href":"https:\/\/wordpress-7ck5p.wasmer.app\/index.php\/wp-json\/wp\/v2\/pages\/22","targetHints":{"allow":["GET"]}}],"collection":[{"href":"https:\/\/wordpress-7ck5p.wasmer.app\/index.php\/wp-json\/wp\/v2\/pages"}],"about":[{"href":"https:\/\/wordpress-7ck5p.wasmer.app\/index.php\/wp-json\/wp\/v2\/types\/page"}],"author":[{"embeddable":true,"href":"https:\/\/wordpress-7ck5p.wasmer.app\/index.php\/wp-json\/wp\/v2\/users\/1"}],"replies":[{"embeddable":true,"href":"https:\/\/wordpress-7ck5p.wasmer.app\/index.php\/wp-json\/wp\/v2\/comments?post=22"}],"version-history":[{"count":0,"href":"https:\/\/wordpress-7ck5p.wasmer.app\/index.php\/wp-json\/wp\/v2\/pages\/22\/revisions"}],"wp:attachment":[{"href":"https:\/\/wordpress-7ck5p.wasmer.app\/index.php\/wp-json\/wp\/v2\/media?parent=22"}],"curies":[{"name":"wp","href":"https:\/\/api.w.org\/{rel}","templated":true}]}}